 is the hundreds digit of 189648?
6
What is the hundreds digit of 2992759?
7
What is the hundreds digit of 1980458?
4
What is the hundred thousands digit of 163403?
1
What is the hundred thousands digit of 13909247?
9
What is the ten thousands digit of 547378?
4
What is the hundreds digit of 2559026?
0
What is the tens digit of 9025855?
5
What is the hundreds digit of 131722?
7
What is the tens digit of 79081?
8
What is the units digit of 96852?
2
What is the tens digit of 1264040?
4
What is the ten thousands digit of 1650425?
5
What is the ten thousands digit of 604651?
0
What is the hundred thousands digit of 6559867?
5
What is the ten thousands digit of 10063585?
6
What is the hundred thousands digit of 20728250?
7
What is the units digit of 1374590?
0
What is the tens digit of 20647346?
4
What is the ten thousands digit of 2187371?
8
What is the hundred thousands digit of 1643321?
6
What is the thousands digit of 560821?
0
What is the tens digit of 15250663?
6
What is the ten thousands digit of 17078851?
7
What is the millions digit of 1281302?
1
What is the millions digit of 1189417?
1
What is the thousands digit of 7816056?
6
What is the tens digit of 341615?
1
What is the tens digit of 20016591?
9
What is the thousands digit of 148919?
8
What is the tens digit of 4815356?
5
What is the millions digit of 10367876?
0
What is the tens digit of 18114665?
6
What is the hundreds digit of 1104781?
7
What is the units digit of 170566?
6
What is the ten thousands digit of 1569342?
6
What is the hundreds digit of 60280?
2
What is the hundreds digit of 370886?
8
What is the thousands digit of 10682625?
2
What is the ten thousands digit of 31404621?
0
What is the hundred thousands digit of 352230?
3
What is the ten thousands digit of 46382?
4
What is the units digit of 184974?
4
What is the tens digit of 11218383?
8
What is the tens digit of 598884?
8
What is the tens digit of 182863?
6
What is the hundreds digit of 875603?
6
What is the hundreds digit of 7978680?
6
What is the thousands digit of 1778474?
8
What is the thousands digit of 283892?
3
What is the hundred thousands digit of 1238230?
2
What is the ten millions digit of 11838591?
1
What is the hundred thousands digit of 308798?
3
What is the ten thousands digit of 15334269?
3
What is the millions digit of 5310432?
5
What is the tens digit of 2254706?
0
What is the thousands digit of 1398805?
8
What is the millions digit of 1016331?
1
What is the thousands digit of 1419914?
9
What is the units digit of 13333911?
1
What is the hundred thousands digit of 26662405?
6
What is the units digit of 3061561?
1
What is the hundred thousands digit of 10724630?
7
What is the tens digit of 1129266?
6
What is the units digit of 18939046?
6
What is the hundreds digit of 14191712?
7
What is the millions digit of 2848834?
2
What is the tens digit of 671539?
3
What is the ten thousands digit of 346237?
4
What is the tens digit of 181178?
7
What is the ten thousands digit of 1157686?
5
What is the millions digit of 2186394?
2
What is the thousands digit of 3819244?
9
What is the units digit of 48160?
0
What is the hundreds digit of 611718?
7
What is the ten thousands digit of 8310915?
1
What is the units digit of 307905?
5
What is the thousands digit of 297300?
7
What is the tens digit of 464446?
4
What is the thousands digit of 92490?
2
What is the hundred thousands digit of 272194?
2
What is the millions digit of 1190047?
1
What is the ten thousands digit of 29382636?
8
What is the thousands digit of 898717?
8
What is the ten thousands digit of 367462?
6
What is the units digit of 3721456?
6
What is the hundreds digit of 5932217?
2
What is the tens digit of 18762700?
0
What is the hundred thousands digit of 1347582?
3
What is the millions digit of 22655500?
2
What is the ten thousands digit of 70439?
7
What is the ten thousands digit of 1280048?
8
What is the hundred thousands digit of 964249?
9
What is the millions digit of 4784508?
4
What is the ten thousands digit of 427224?
2
What is the ten thousands digit of 221740?
2
What is the hundred thousands digit of 2292810?
2
What is the tens digit of 423647?
4
What is the units digit of 1300212?
2
What is the hundreds digit of 5836898?
8
What is the hundred thousands digit of 761549?
7
What is the units digit of 55945?
5
What is the thousands digit of 610435?
0
What is the thousands digit of 185336?
5
What is the thousands digit of 215879?
5
What is the hundreds digit of 2150495?
4
What is the millions digit of 11547375?
1
What is the hundred thousands digit of 1770390?
7
What is the ten thousands digit of 51345?
5
What is the ten thousands digit of 967238?
6
What is the hundreds digit of 5625214?
2
What is the hundreds digit of 1791573?
5
What is the ten thousands digit of 202257?
0
What is the thousands digit of 27030977?
0
What is the hundreds digit of 406824?
8
What is the units digit of 41453?
3
What is the tens digit of 12929160?
6
What is the ten thousands digit of 3306824?
0
What is the thousands digit of 115233?
5
What is the millions digit of 13893798?
3
What is the tens digit of 191838?
3
What is the ten thousands digit of 24825178?
2
What is the tens digit of 303907?
0
What is the thousands digit of 4638210?
8
What is the millions digit of 1441095?
1
What is the millions digit of 3919797?
3
What is the ten thousands digit of 825644?
2
What is the thousands digit of 232615?
2
What is the thousands digit of 2382976?
2
What is the units digit of 14165688?
8
What is the hundred thousands digit of 308435?
3
What is the hundred thousands digit of 304673?
3
What is the tens digit of 116834?
3
What is the hundreds digit of 795917?
9
What is the tens digit of 2802747?
4
What is the hundred thousands digit of 3180061?
1
What is the hundred thousands digit of 12758324?
7
What is the ten thousands digit of 256154?
5
What is the hundred thousands digit of 6984620?
9
What is the hundreds digit of 148140?
1
What is the hundred thousands digit of 6548389?
5
What is the millions digit of 1018653?
1
What is the hundred thousands digit of 319509?
3
What is the hundred thousands digit of 1529334?
5
What is the ten thousands digit of 156018?
5
What is the hundreds digit of 170699?
6
What is the units digit of 1458752?
2
What is the thousands digit of 1185526?
5
What is the units digit of 560997?
7
What is the millions digit of 2480078?
2
What is the hundred thousands digit of 373292?
3
What is the ten thousands digit of 1146752?
4
What is the ten thousands digit of 2209995?
0
What is the units digit of 5275654?
4
What is the millions digit of 17980439?
7
What is the ten millions digit of 36772409?
3
What is the hundreds digit of 1431883?
8
What is the units digit of 198193?
3
What is the tens digit of 1389432?
3
What is the units digit of 259136?
6
What is the hundred thousands digit of 2042319?
0
What is the tens digit of 551427?
2
What is the hundreds digit of 2766228?
2
What is the units digit of 39524?
4
What is the thousands digit of 548796?
8
What is the hundred thousands digit of 1190663?
1
What is the tens digit of 3629525?
2
What is the thousands digit of 118122?
8
What is the ten thousands digit of 396295?
9
What is the thousands digit of 1100354?
0
What is the units digit of 678960?
0
What is the units digit of 4495862?
2
What is the hundred thousands digit of 12302941?
3
What is the ten millions digit of 26047451?
2
What is the tens digit of 217102?
0
What is the units digit of 1634302?
2
What is the hundreds digit of 205628?
6
What is the units digit of 1820437?
7
What is the units digit of 277356?
6
What is the hundred thousands digit of 155732?
1
What is the thousands digit of 29907?
9
What is the hundreds digit of 2429507?
5
What is the thousands digit of 281191?
1
What is the thousands digit of 243138?
3
What is the ten thousands digit of 106666?
0
What is the hundred thousands digit of 13951917?
9
What is the tens digit of 11760?
6
What is the tens digit of 1801976?
7
What is the ten thousands digit of 250853?
5
What is the thousands digit of 28527?
8
What is the hundred thousands digit of 639462?
6
What is the tens digit of 638137?
3
What is the tens digit of 436829?
2
What is the units digit of 742978?
8
What is the ten thousands digit of 915